{"id":16,"date":"2016-02-07T23:52:29","date_gmt":"2016-02-07T23:52:29","guid":{"rendered":"http:\/\/fotostudio24.de\/?page_id=16"},"modified":"2016-03-31T15:05:39","modified_gmt":"2016-03-31T15:05:39","slug":"impressum","status":"publish","type":"page","link":"https:\/\/fotostudio24.de\/?page_id=16","title":{"rendered":"Impressum"},"content":{"rendered":"<p><strong>Photostudio ARTPHOTOGRAPHY<\/strong><br \/>\n<strong> Frank Luger . Photographenmeister<\/strong><\/p>\n<p>Sigmaringer Stra\u00dfe 108 . D-72458 Albstadt<br \/>\nFon 0 74 31 \/ 5 46 88. Fax 0 74 31 \/ 934 098<br \/>\nMail. <a href=\"mailto:info%40art-photography.de\">info@art-photography.de<\/a><\/p>\n<p>Umsatzsteuer-Identifikationsnummer:\u00a0DE 162342983<\/p>\n<p><span style=\"color: #b57900;\"><strong>1. Inhalt des Onlineangebotes\u2028<\/strong><\/span><br \/>\nDer Autor \u00fcbernimmt keinerlei Gew\u00e4hr f\u00fcr die Aktualit\u00e4t, Korrektheit, Vollst\u00e4ndigkeit oder Qualit\u00e4t der bereitgestellten Informationen. Haftungsanspr\u00fcche gegen den Autor, welche sich auf Sch\u00e4den materieller oder ideeller Art beziehen, die durch die Nutzung oder Nichtnutzung der dargebotenen Informationen bzw. durch die Nutzung fehlerhafter und unvollst\u00e4ndiger Informationen verursacht wurden sind grunds\u00e4tzlich ausgeschlossen, sofern seitens des Autors kein nachweislich vors\u00e4tzliches oder grob fahrl\u00e4ssiges Verschulden vorliegt. Alle Angebote sind freibleibend und unverbindlich. Der Autor beh\u00e4lt es sich ausdr\u00fccklich vor, Teile der Seiten oder das gesamte Angebot ohne gesonderte Ank\u00fcndigung zu ver\u00e4ndern, zu erg\u00e4nzen, zu l\u00f6schen oder die Ver\u00f6ffentlichung zeitweise oder endg\u00fcltig einzustellen.<\/p>\n<p><span style=\"color: #b57900;\"><strong>2. Verweise und Links\u2028<\/strong><\/span><br \/>\nBei direkten oder indirekten Verweisen auf fremde Internetseiten (&#8220;Links&#8220;), die au\u00dferhalb des Verantwortungsbereiches des Autors liegen, w\u00fcrde eine Haftungsverpflichtung ausschlie\u00dflich in dem Fall in Kraft treten, in dem der Autor von den Inhalten Kenntnis hat und es ihm technisch m\u00f6glich und zumutbar w\u00e4re, die Nutzung im Falle rechtswidriger Inhalte zu verhindern. Der Autor erkl\u00e4rt daher ausdr\u00fccklich, dass zum Zeitpunkt der Linksetzung die entsprechenden verlinkten Seiten frei von illegalen Inhalten waren. Der Autor hat keinerlei Einfluss auf die aktuelle und zuk\u00fcnftige Gestaltung und auf die Inhalte der gelinkten\/verkn\u00fcpften Seiten. Deshalb distanziert er sich hiermit ausdr\u00fccklich von allen Inhalten aller gelinkten \/verkn\u00fcpften Seiten, die nach der Linksetzung ver\u00e4ndert wurden. Diese Feststellung gilt f\u00fcr alle innerhalb des eigenen Internetangebotes gesetzten Links und Verweise sowie f\u00fcr Fremdeintr\u00e4ge in vom Autor eingerichteten G\u00e4steb\u00fcchern, Diskussionsforen und Mailinglisten. F\u00fcr illegale, fehlerhafte oder unvollst\u00e4ndige Inhalte und insbesondere f\u00fcr Sch\u00e4den, die aus der Nutzung oder Nichtnutzung solcherart dargebotener Informationen entstehen, haftet allein der Anbieter der Seite, auf welche verwiesen wurde, nicht derjenige, der \u00fcber Links auf die jeweilige Ver\u00f6ffentlichung lediglich verweist.<\/p>\n<p><span style=\"color: #b57900;\"><strong>3. Urheber- und Kennzeichenrecht\u2028<\/strong><\/span><br \/>\nDer Autor ist bestrebt, in allen Publikationen die Urheberrechte der verwendeten Grafiken, Tondokumente, Videosequenzen und Texte zu beachten, von ihm selbst erstellte Grafiken, Tondokumente, Videosequenzen und Texte zu nutzen oder auf lizenzfreie Grafiken, Tondokumente, Videosequenzen und Texte zur\u00fcckzugreifen. Alle innerhalb des Internetangebotes genannten und ggf. durch Dritte gesch\u00fctzten Marken- und Warenzeichen unterliegen uneingeschr\u00e4nkt den Bestimmungen des jeweils g\u00fcltigen Kennzeichenrechts und den Besitzrechten der jeweiligen eingetragenen Eigent\u00fcmer. Allein aufgrund der blo\u00dfen Nennung ist nicht der Schluss zu ziehen, dass Markenzeichen nicht durch Rechte Dritter gesch\u00fctzt sind! Das Copyright f\u00fcr ver\u00f6ffentlichte, vom Autor selbst erstellte Objekte bleibt allein beim Autor der Seiten. Eine Vervielf\u00e4ltigung oder Verwendung solcher Grafiken, Tondokumente, Videosequenzen und Texte in anderen elektronischen oder gedruckten Publikationen ist ohne ausdr\u00fcckliche Zustimmung des Autors nicht gestattet.<\/p>\n<p><span style=\"color: #b57900;\"><strong>4. Rechtswirksamkeit dieses Haftungsausschlusses\u2028<\/strong><\/span><br \/>\nDieser Haftungsausschluss ist als Teil des Internetangebotes zu betrachten, von dem aus auf diese Seite verwiesen wurde. Sofern Teile oder einzelne Formulierungen dieses Textes der geltenden Rechtslage nicht, nicht mehr oder nicht vollst\u00e4ndig entsprechen sollten, bleiben die \u00fcbrigen Teile des Dokumentes in ihrem Inhalt und ihrer G\u00fcltigkeit davon unber\u00fchrt. Hinweise zum Datenschutz Wir weisen darauf hin, dass an allen Stellen unserer Internetseite die Privatsph\u00e4re von Personen gesch\u00fctzt wird. Pers\u00f6nliche Daten von unseren Besuchern werden strikt vertraulich behandelt und werden weder an Dritte weitergegeben, noch zur Erstellung von Pers\u00f6nlichkeitsprofilen verwendet. Die gesammelten Daten (z.B. beim Ausf\u00fcllen des Kontaktformulars) werden lediglich f\u00fcr den vom Besucher gew\u00fcnschten Zweck verwendet. Allgemeine Informationen, wie Aufruf unserer Webseiten, Uhrzeit, Datum werden vom Server automatisch protokolliert. Diese Daten werden zur Auswertung der Zugriffe auf unseren Seiten ben\u00f6tigt. Dies betrifft Statistiken, wie Summe der Besucher, Summe der Seitenaufrufe, etc.<\/p>\n","protected":false},"excerpt":{"rendered":"<p>Photostudio ARTPHOTOGRAPHY Frank Luger . Photographenmeister Sigmaringer Stra\u00dfe 108 . D-72458 Albstadt Fon 0 74 31 \/ 5 46 88. Fax 0 74 31 \/ 934 098 Mail. info@art-photography.de Umsatzsteuer-Identifikationsnummer:\u00a0DE 162342983 1. Inhalt des Onlineangebotes\u2028 Der Autor \u00fcbernimmt keinerlei Gew\u00e4hr f\u00fcr die Aktualit\u00e4t, Korrektheit, Vollst\u00e4ndigkeit oder Qualit\u00e4t der bereitgestellten Informationen. Haftungsanspr\u00fcche gegen den Autor, welche [&hellip;]<\/p>\n","protected":false},"author":1,"featured_media":0,"parent":0,"menu_order":0,"comment_status":"closed","ping_status":"closed","template":"","meta":{"footnotes":""},"_links":{"self":[{"href":"https:\/\/fotostudio24.de\/index.php?rest_route=\/wp\/v2\/pages\/16"}],"collection":[{"href":"https:\/\/fotostudio24.de\/index.php?rest_route=\/wp\/v2\/pages"}],"about":[{"href":"https:\/\/fotostudio24.de\/index.php?rest_route=\/wp\/v2\/types\/page"}],"author":[{"embeddable":true,"href":"https:\/\/fotostudio24.de\/index.php?rest_route=\/wp\/v2\/users\/1"}],"replies":[{"embeddable":true,"href":"https:\/\/fotostudio24.de\/index.php?rest_route=%2Fwp%2Fv2%2Fcomments&post=16"}],"version-history":[{"count":7,"href":"https:\/\/fotostudio24.de\/index.php?rest_route=\/wp\/v2\/pages\/16\/revisions"}],"predecessor-version":[{"id":222,"href":"https:\/\/fotostudio24.de\/index.php?rest_route=\/wp\/v2\/pages\/16\/revisions\/222"}],"wp:attachment":[{"href":"https:\/\/fotostudio24.de\/index.php?rest_route=%2Fwp%2Fv2%2Fmedia&parent=16"}],"curies":[{"name":"wp","href":"https:\/\/api.w.org\/{rel}","templated":true}]}}